
Is 10459732181 prime?
True
Is 63492294197 a composite number?
False
Is 4600939061 prime?
False
Is 151060541 a prime number?
True
Is 55095707731 a composite number?
True
Is 973583833 composite?
False
Is 4300320571 a composite number?
True
Is 5065671929 composite?
False
Is 5247961793 prime?
True
Is 24830315065 prime?
False
Is 288214463 prime?
True
Is 282654379 a composite number?
True
Is 414279851 a prime number?
False
Is 5738655973 a composite number?
True
Is 56891053 composite?
False
Is 63645954949 composite?
False
Is 14927165971 composite?
True
Is 3562246687 a prime number?
False
Is 4195501693 composite?
False
Is 12202047413 prime?
True
Is 16577700443 a prime number?
True
Is 1509337702 a prime number?
False
Is 152076091 prime?
True
Is 2611441057 composite?
False
Is 17617339 composite?
True
Is 1779952781 a composite number?
True
Is 95245227947 a prime number?
True
Is 4755341 composite?
True
Is 564700793 a prime number?
True
Is 4157298151 a prime number?
True
Is 7198986887 a composite number?
True
Is 1059491767 a composite number?
True
Is 206119176409 composite?
True
Is 5638277 a prime number?
True
Is 1797271787 composite?
True
Is 509795261 prime?
False
Is 103093228103 a prime number?
True
Is 5918330657 prime?
False
Is 193185899 prime?
True
Is 87544885411 a composite number?
True
Is 27241614019 prime?
True
Is 64164059 prime?
True
Is 1695166241 a composite number?
False
Is 38016691841 a prime number?
False
Is 87030329 a composite number?
False
Is 45605957 a prime number?
True
Is 55142740493 a composite number?
False
Is 9275025863 a prime number?
False
Is 632098567 a prime number?
True
Is 14134938379 a prime number?
True
Is 60322946291 prime?
True
Is 1152741431 prime?
True
Is 6471780011 prime?
False
Is 59208193 a composite number?
True
Is 80229197 a composite number?
False
Is 58625887951 composite?
True
Is 3045446879 prime?
True
Is 1303472719 composite?
False
Is 1418486587 prime?
False
Is 37355191 prime?
True
Is 28015364947 prime?
False
Is 72057841 a prime number?
True
Is 2622512605 a prime number?
False
Is 127829802743 a prime number?
True
Is 627281441 a prime number?
True
Is 208328071 a composite number?
True
Is 775748189 a composite number?
False
Is 378419747 a prime number?
False
Is 5567420195 a composite number?
True
Is 3555085253 composite?
True
Is 1697136709 a prime number?
True
Is 40547761843 a composite number?
True
Is 4267511 a prime number?
False
Is 37226043457 a prime number?
True
Is 786403609 composite?
False
Is 59691697207 composite?
True
Is 109318845311 composite?
True
Is 1053058441 a prime number?
True
Is 6484843061 prime?
True
Is 964873477 a composite number?
False
Is 49841663 a composite number?
False
Is 3428102253 composite?
True
Is 8908630481 a prime number?
False
Is 265001123 a composite number?
False
Is 1679395387 composite?
False
Is 729620009 prime?
True
Is 625512133 composite?
False
Is 5012908601 a prime number?
False
Is 16661747911 prime?
True
Is 576323659 a composite number?
True
Is 233505757033 prime?
True
Is 266052967 prime?
True
Is 10729383019 prime?
True
Is 52468287359 a composite number?
True
Is 6664524727 prime?
False
Is 14992796453 prime?
True
Is 59366102 a composite number?
True
Is 2363059333 a composite number?
False
Is 3260815307 prime?
False
Is 409846957 a prime number?
False
Is 883658467 composite?
False
Is 3156377993 a composite number?
False
Is 75541869383 a composite number?
False
Is 9686492857 a composite number?
False
Is 4356286813 prime?
True
Is 11807592031 a prime number?
True
Is 1563640423 a prime number?
True
Is 310795543 prime?
False
Is 2141217143 a composite number?
True
Is 303057329 composite?
False
Is 1155757373 a prime number?
True
Is 3559175491 a composite number?
True
Is 8811815897 prime?
True
Is 5990576129 prime?
True
Is 136786123 composite?
True
Is 804142783 composite?
False
Is 12999911807 composite?
True
Is 91436717726 prime?
False
Is 617252267 a composite number?
True
Is 5858210167 prime?
True
Is 2540021065 a prime number?
False
Is 6541262869 a prime number?
False
Is 235066222 composite?
True
Is 86590655857 prime?
False
Is 963679993 composite?
True
Is 3665743591 a composite number?
True
Is 5861580063 prime?
False
Is 1616775487 a prime number?
False
Is 38679522269 a prime number?
False
Is 6974161681 prime?
True
Is 5638277363 a composite number?
False
Is 728474861 a prime number?
True
Is 102046851133 composite?
True
Is 23686098061 composite?
True
Is 1179235417 prime?
True
Is 61657901759 composite?
True
Is 34373497381 composite?
False
Is 85363306973 composite?
True
Is 28372463929 prime?
False
Is 2875288371 prime?
False
Is 2565097607 a prime number?
False
Is 101358656941 a prime number?
True
Is 26366517673 a composite number?
False
Is 9028326623 a prime number?
True
Is 960910585 prime?
False
Is 56191061569 composite?
False
Is 365560733 composite?
True
Is 336503569 composite?
False
Is 11465758181 composite?
False
Is 1350292213 a composite number?
True
Is 89292437 a prime number?
False
Is 407323321 prime?
True
Is 6469511563 composite?
False
Is 460042081 a composite number?
True
Is 1288870493 a composite number?
False
Is 1866703607 a prime number?
False
Is 2880574573 prime?
False
Is 6450442469 a composite number?
True
Is 9965767417 composite?
True
Is 5762867203 a prime number?
True
Is 11060452813 a prime number?
True
Is 271856069 composite?
False
Is 1168349411 a composite number?
True
Is 1335119638 prime?
False
Is 63243221 a composite number?
True
Is 970823507 prime?
True
Is 5133635569 composite?
True
Is 553216943 a composite number?
False
Is 127399069631 prime?
True
Is 5007982813 composite?
False
Is 111240287 a composite number?
True
Is 16421475047 a composite number?
False
Is 1462254137 a prime number?
True
Is 17046247241 a composite number?
True
Is 1411128883 a prime number?
False
Is 18103734251 prime?
True
Is 241786279 prime?
False
Is 9319747319 a composite number?
False
Is 61526240081 composite?
True
Is 7679584973 composite?
False
Is 2151021413 composite?
False
Is 3071343797 composite?
True
Is 2987154953 composite?
True
Is 5396004671 a prime number?
False
Is 205012789 a prime number?
False
Is 313048711 prime?
False
Is 21328444353 composite?
True
Is 1628231291 a composite number?
False
Is 32028025157 a composite number?
True
Is 182143667 prime?
True
Is 89980706 composite?
True
Is 1831582399 prime?
False
Is 5555461 a composite number?
False
Is 75868147627 prime?
False
Is 1881634367 prime?
True
Is 736553891 prime?
True
Is 694588729 a composite number?
False
Is 162165837151 a prime number?
False
Is 2276863321 a composite number?
False
Is 101935108923 prime?
False
Is 8866641633 a prime number?
False
Is 23752216159 a prime number?
False
Is 14082748247 a prime number?
False
Is 428774669 a prime number?
True
Is 359123529 a prime number?
False
Is 3053777579 composite?
False
Is 625931803 composite?
True
Is 63173255 prime?
False
Is 918205111 prime?
True
Is 594368713 composite?
True
Is 58710786643 a composite number?
True
Is 668504047 composite?
True
Is 206467463 a prime number?
False
Is 299855556257 composite?
False
Is 539853359 composite?
False
Is 31536773963 composite?
True
Is 1256335723 a composite number?
True
Is 9738489697 composite?
True
Is 1217070259 composite?
False
Is 3367708441 prime?
True
Is 92048797 a composite number?
True
Is 567993971 a prime number?
False
Is 308304709 composite?
False
Is 150134999737 prime?
True
Is 11766590417 a prime number?
False
Is 2435595439 a prime number?
True
Is 103111571 composite?
False
Is 2224853977 composite?
False
Is 34031278373 a prime number?
True
Is 6245150771 a prime number?
True
Is 40125072601 a prime number?
True
Is 7697136367 composite?
True
Is 2542351841 prime?
True
Is 237757927 a prime number?
False
Is 3398325337 a prime number?
False
Is 6122353687 composite?
True
Is 1050275779 prime?
False
Is 34480697 a prime number?
True
Is 6309711911 a composite number?
True
Is 57141383543 a composite number?
True
Is 33078048881 prime?
True
Is 37876753 composite?
True
Is 41840222551 a composite number?
True
Is 934657261 a composite number?
True
Is 73844713 composite?
True
Is 7815494711 a composite number?
True
Is 9074224949 composite?
False
Is 8316608871 a composite number?
True
Is 35427298261 a prime number?
False
Is 74782151 a prime number?
True
Is 8042823